436?
True
Is 92978145 a multiple of 279?
True
Is 84 a factor of 5934399156?
True
Is 754914545 a multiple of 77?
True
Does 73 divide 39656958?
True
Is 1070 a factor of 194819180?
True
Is 122458860 a multiple of 180?
True
Is 898567553 a multiple of 99?
False
Does 5635 divide 3974044305?
True
Is 53 a factor of 128450632?
False
Is 5032323 a multiple of 3?
True
Is 6 a factor of 3373020?
True
Is 12 a factor of 5213681882?
False
Is 99362610 a multiple of 29?
False
Is 543471006 a multiple of 2261?
False
Is 290902624 a multiple of 1462?
False
Does 24 divide 421761673?
False
Is 3 a factor of 1271543?
False
Is 118426500 a multiple of 375?
True
Is 1578480246 a multiple of 1182?
False
Is 1344980484 a multiple of 18?
True
Is 12 a factor of 61465549?
False
Is 395 a factor of 201748399?
False
Does 248 divide 283100184?
True
Is 5 a factor of 251685?
True
Is 269493598 a multiple of 32?
False
Is 170462202 a multiple of 1227?
True
Is 4801408 a multiple of 1003?
False
Is 8 a factor of 334631?
False
Is 25202166 a multiple of 1720?
False
Is 1169403642 a multiple of 321?
True
Does 19 divide 474681712?
True
Is 1214932 a multiple of 11?
False
Is 104849443 a multiple of 14?
False
Is 5535702 a multiple of 9?
True
Is 228960646 a multiple of 83?
True
Is 4262 a factor of 2026291184?
True
Is 1114 a factor of 144144541?
False
Is 2862378561 a multiple of 392?
False
Does 233 divide 55437457?
True
Is 367242012 a multiple of 158?
False
Is 3698179876 a multiple of 30?
False
Is 236 a factor of 16296980?
True
Is 20181304 a multiple of 44?
True
Is 102 a factor of 79426419?
False
Does 51 divide 34153731?
True
Is 85708420 a multiple of 7?
True
Is 2934 a factor of 147518307?
False
Is 6 a factor of 2641062?
True
Does 2259 divide 104700132?
True
Is 7542091 a multiple of 23?
True
Is 46964061 a multiple of 1180?
False
Is 867 a factor of 2693314692?
True
Does 182 divide 26659724?
True
Is 1553806050 a multiple of 2055?
True
Is 31783290 a multiple of 30?
True
Does 227 divide 1545545844?
True
Is 30 a factor of 456001332?
False
Does 125 divide 2429806125?
True
Does 1036 divide 824519052?
False
Is 2157793330 a multiple of 12439?
True
Is 1388960416 a multiple of 9?
False
Does 164 divide 130102719?
False
Is 1454737612 a multiple of 313?
True
Is 450542625 a multiple of 460?
False
Is 258207764 a multiple of 1972?
True
Is 5075280 a multiple of 252?
True
Is 6 a factor of 11773795?
False
Is 209 a factor of 32238782?
False
Is 195 a factor of 326868323?
False
Is 1382760312 a multiple of 239?
True
Is 210 a factor of 148750508?
False
Is 1249903478 a multiple of 199?
True
Is 446 a factor of 10970414?
False
Does 164 divide 35074733?
False
Is 907581953 a multiple of 2049?
False
Is 543 a factor of 287486781?
False
Does 232 divide 22415840?
True
Is 19 a factor of 10164031?
True
Is 7377149 a multiple of 9?
False
Is 160 a factor of 119187680?
True
Is 187 a factor of 4596712?
False
Is 7543060300 a multiple of 12459?
False
Is 362 a factor of 68865070?
True
Is 19259764 a multiple of 466?
False
Is 24 a factor of 1182619205?
False
Is 1225 a factor of 112794471?
False
Does 62 divide 108646211?
False
Is 8717160 a multiple of 60?
True
Does 253 divide 26708092?
False
Is 899941229 a multiple of 3?
False
Is 54461628 a multiple of 12?
True
Does 86 divide 480920500?
False
Is 169 a factor of 82123015?
True
Is 2045160852 a multiple of 609?
True
Does 176 divide 445297013?
False
Does 1176 divide 43764840?
True
Does 484 divide 44745863?
False
Is 57472068 a multiple of 1423?
False
Is 1037 a factor of 491806480?
False
Is 108459637 a multiple of 13?
True
Does 510 divide 4273243796?
False
Does 683 divide 158266126?
True
Is 94 a factor of 1103208440?
True
Does 115 divide 2119565?
True
Does 26 divide 256466236?
True
Does 22 divide 4592070?
False
Does 8 divide 616820926?
False
Is 1315886105 a multiple of 152?
False
Is 1005989175 a multiple of 1277?
False
Is 158 a factor of 393621134?
True
Is 133454093 a multiple of 55?
False
Is 2257 a factor of 88104252?
True
Does 2491 divide 96621549?
False
Does 431 divide 20848211?
False
Does 163 divide 49025999?
True
Is 33 a factor of 7799702?
False
Is 356 a factor of 125339250?
False
Is 1325237085 a multiple of 135?
True
Is 14 a factor of 875206006?
False
Is 374 a factor of 115322457?
False
Is 155 a factor of 42105109?
False
Is 1131110 a multiple of 20?
False
Does 648 divide 5036994?
False
Is 694527792 a multiple of 2856?
True
Is 45 a factor of 5330753?
False
Does 667 divide 412942895?
False
Does 2325 divide 560757450?
True
Is 97618192 a multiple of 392?
True
Is 97073464 a multiple of 1548?
False
Does 90 divide 46090795?
False
Is 1132733008 a multiple of 88?
True
Is 3 a factor of 904772?
False
Is 6 a factor of 15946280?
False
Is 326117341 a multiple of 51?
False
Is 32191872 a multiple of 32?
True
Is 107 a factor of 9358220?
True
Is 221 a factor of 18546762?
True
Does 22 divide 1843662788?
True
Is 68955380 a multiple of 115?
True
Does 142 divide 18142676?
False
Is 23606717 a multiple of 293?
True
Does 2 divide 1069143?
False
Is 67 a factor of 30168358?
True
Is 35 a factor of 50227470?
False
Does 59 divide 158390201?
False
Is 86 a factor of 104304255?
False
Is 37938276 a multiple of 789?
True
Does 478 divide 271471974?
True
Is 59152064 a multiple of 34?
False
Does 23 divide 961869840?
False
Is 11 a factor of 911232817?
True
Is 2289405 a multiple of 551?
True
Does 703 divide 312408279?
True
Does 872 divide 199109864?
True
Does 3 divide 36072615?
True
Is 130681600 a multiple of 140?
True
Is 125993442 a multiple of 393?
True
Does 575 divide 564600339?
False
Is 8191 a factor of 938573926?
True
Does 2166 divide 228593142?
True
Is 173032041 a multiple of 273?
True
Does 214 divide 162655893?
False
Does 596 divide 180486084?
True
Is 36088454 a multiple of 257?
True
Is 1914057119 a multiple of 121?
False
Does 274 divide 11134395?
False
Is 1489600 a multiple of 560?
True
Does 3 divide 28711353?
True
Does 4389 divide 577987410?
True
Is 229908155 a multiple of 335?
True
Does 269 divide 119096474?
False
Is 134 a factor of 7484063?
False
Is 130212822 a multiple of 323?
False
Does 9 divide 40895748?
True
Does 14 divide 307476310?
False
Is 49685151 a multiple of 103?
False
Does 8 divide 79856176?
True
Is 441 a factor of 49478877?
True
Is 1367 a factor of 30932476?
True
Is 318129984 a multiple of 2593?
True
Is 42846710 a multiple of 10?
True
Does 234 divide 51543381?
False
Is 120516840 a multiple of 13?
False
Is 43562611 a multiple of 173?
True
Is 480 a factor of 1910158891?
False
Does 15 divide 283925175?
True
Is 7214889255 a multiple of 15?
True
Is 121 a factor of 200427985?
False
Is 1060 a factor of 65382920?
True
Is 58119067 a multiple of 518?
False
Is 382 a factor of 42389543?
False
Is 251710404 a multiple of 38?
True
Does 66 divide 3873520?
False
Is 21 a factor of 275433186?
True
Does 1330 divide 4852273?
False
Does 161 divide 673178191?
True
Does 5 divide 15721280?
True
Is 419 a factor of 267554031?
False
Is 6 a factor of 16338876?
True
Is 459042354 a multiple of 1506?
True
Does 23 divide 36516341?
True
Does 670 divide 22069856?
False
Is 51701996 a multiple of 17?
False
Does 8 divide 1245685185?
False
Is 204520610 a multiple of 23?
False
Is 219587116 a multiple of 733?
False
Is 1833 a factor of 33678193?
False
Is 46 a factor of 23090758?
True
Is 324 a factor of 679796966?
False
Is 94423703 a multiple of 67?
True
Is 76 a factor of 215229715?
False
Is 450943649 a multiple of 991?
True
Is 4 a factor of 427136517?
False
Is 27663987 a multiple of 13?
True
Is 50738582 a multiple of 974?
True
Is 68786560 a multiple of 41?
False
Is 1588 a factor of 538665480?
True
Is 343610960 a multiple of 2864?
False
Is 1516 a factor of 86069064?
False
Does 2129 divide 5640940275?
False
Is 113445052 a multiple of 87?
False
Does 18 divide 11408648?
False
Is 57928281 a multiple of 453?
True
Is 20 a factor of 689037480?
True
Is 131657896 a multiple of 103?
True
Is 117260229 a multiple of 2392?
False
Is 44 a factor of 27234504?
True
Does 336 divide 411688583?
False
Is 9 a factor of 1014885918?
True
Is 9 a factor of 1583089?
False
Is 941 a factor of 67237273?
True
Is 29 a factor of 205006017?
True
Does 26 divide 134033302?
True
Is 58 a factor of 99993566?
True
Is 2 a factor of 810633474?
True
Does 919 divide 41098128?
False
Is 62 a fac